ate -4 - -1 - 0 - (613 + -617) - -10.
11
What is 33 + -24 + -3 + 12?
18
Evaluate 1 - (12 - 0 - (104 - 103)).
-10
Calculate -6 + (-17 + 6 - -28).
11
Calculate -4 + 4 - 6 - (-4 + -1).
-1
Evaluate 2 - (3 + (10 - (-4 - -13))) - 9.
-11
Calculate -12 + 9 + 1 + 10.
8
44 - 33 - (0 - -20)
-9
Calculate -17 + (-17 - -84) + -17.
33
Calculate -30 - (-11 + 19 + -18).
-20
35 + -37 + 22 - (0 + 12)
8
What is (-19 - -12) + -3 - (6 + -5)?
-11
Calculate 3 - (-1 + 1 - (-8 + 5 + 3)).
3
What is the value of (25 - 34) + 22 + -2?
11
What is the value of -2 + (2 - 2) + -12 + 7 + 2?
-5
-12 + 1 + 12 + -2 + 0
-1
Calculate -45 + -10 + 1 + (-21 + 31 - -10).
-34
Calculate -5 + (0 - 0) - (8 - (-6 - -16)).
-3
What is the value of (35 + -30 - -26) + -34?
-3
Evaluate (4 - (30 - 14)) + 6.
-6
-6 - -5 - (27 - (-2 - -10))
-20
21 - (-448 - -457 - (-1 - -3 - -9))
23
Evaluate -8 + (-6 - (-12 - (-5 + 3))).
-4
What is the value of 38 + (-36 - -22) - 8?
16
Evaluate (-5 - (1 + -3 - 6)) + 4.
7
Evaluate ((1 - (17 - 0)) + 5 - 7) + 4.
-14
182 - 175 - (-2 - -29)
-20
Evaluate 0 + -2 + (-19 - -31) + 55 + -52.
13
Evaluate -2 + 55 + -24 + 11.
40
What is the value of -17 - (8 - (-10 - -18))?
-17
What is 3 + (5 - 1) - (6 - (0 + 3))?
4
What is the value of -10 + -3 - (245 + -258)?
0
-4 + -1 + -7 + 1 + -2
-13
Evaluate 0 + 3 + 0 - (-14 - (2 - 24)).
-5
(19 + 3 - 2) + -28 + (32 - 6)
18
-26 - (1 + (-14 - -18)) - (-2 - 5)
-24
What is the value of (11 - (16 + 25)) + 18?
-12
(0 - 6) + 2 - (-6 + 0) - -14
16
What is the value of 7 + -11 + 22 + -15 + -8?
-5
What is -9 + -4 + 8 + 2 - -17?
14
What is the value of -3 + -9 + (6 - -4)?
-2
Calculate (21 - 9) + 5 + 6 + -10.
13
What is -14 - (4 + 13 + -37 + -9)?
15
Calculate (-8 - -2 - -7) + 3 + -6 + -3.
-5
Evaluate (-3715 - -3713) + -1 + 0 + -23.
-26
Evaluate (-2 - 1 - 2) + (-2 - -15).
8
What is -4 + -2 + (-4 - -3) - (83 + -88)?
-2
What is (-6 - -11 - 5) + 6 + -9?
-3
Calculate -13 - (-17 + 1 + 4 + 10).
-11
What is the value of 13 + (-1 - (0 + 7 + -9))?
14
Calculate 1 - (-2 - (2 + 4) - -2).
7
Calculate -2 - ((1 - (-8 + 12)) + -16 + 8).
9
(18 - (-4 + 22)) + 18
18
Calculate (1 - -9) + 0 - (-247 - -246).
11
Evaluate 2 + (17 - 31) + 17.
5
-13 - (-14 + 26 + -7)
-18
Evaluate -3 - (9 + -4 + 5 + -28).
15
What is the value of (0 - -4 - 10) + 1 + 3?
-2
What is the value of 5 + (-12 - -25) - -5?
23
What is -1 + -2 - (7 - 5) - (1 + 16)?
-22
What is 1 + -14 + 27 + 3?
17
Evaluate -41 + -16 + 29 - (1 + 0).
-29
Evaluate 32 + -85 + 14 - -19.
-20
What is 16 + (-14 - 5) - -3 - (-9 - 2)?
11
Evaluate (10 - 6 - 7) + -4 - 4.
-11
45 - (-8 + 47 + -12 + -16)
34
Calculate 79 + -79 + (-1 - (5 - (3 - 31))).
-34
What is -5 - (-8 - -16 - 6) - 3?
-10
What is the value of (-2 - (14 + -36 + -5)) + -1 + 0?
24
Calculate 5 + -22 + 3 + 22 + 1.
9
-49 + 61 + (5 + 3 - 0)
20
Calculate ((-5 - -5) + 1 - 9) + 16.
8
2 + (-5 - 5) - (9 + (-1 - 4))
-12
What is -42 + 25 + (7 - 16)?
-26
What is 8 + -5 + (17 - 28) - -25?
17
What is (-21 - -39) + -10 + -21?
-13
Evaluate 108 + -59 + -5 + -2 + -13.
29
Evaluate 22 - (12 + 10 + -4).
4
19 + (4 - ((2 + -6 - 0) + 20))
7
Calculate 3 - (-1 + (3 - (9 - -1))).
11
-15 - ((-25 - -15) + -16)
11
What is 2 + (-4 - 0) - -2 - (655 + -650)?
-5
What is the value of (-1 - (0 - -7) - (-7 - 0)) + -2?
-3
Evaluate (-5 - 4 - 2) + 13.
2
Evaluate 2 + -16 + 4 - -7.
-3
What is -2 + (0 - 0) + -1 + 2?
-1
-11 + (-8 - ((-4 - 3) + 6))
-18
Evaluate -3 + (-4 - (-20 + 1) - 1).
11
(18 - 39) + (2 - (-1 - -1))
-19
What is the value of (-2 - 2) + (19 - 0) - 8?
7
(-9 + -14 - -23) + -2
-2
What is the value of -21 + 1 + -2 + -15 + (-5 - -27)?
-15
What is 8 - ((-7 - 6) + 5 - -14)?
2
What is the value of (8 - 10 - -7) + (6 + -12 - -5)?
4
What is the value of -5 + (-1 + -13 - -2 - -3)?
-14
What is 7 - (-135 + 137 - (4 - -1))?
10
What is the value of -20 - -16 - (-1 + -4)?
1
(-27 - (28 + -61)) + (0 - 6)
0
-26 + (-30 - -62) + 5 + -11
0
What is the value of 14 - (-1 + 6 + 1) - (1 + -6)?
13
What is -4 - (1 - 8) - 8?
-5
What is the value of -7 + 4 - (0 - -1 - (-46 + 60))?
10
Evaluate (-30 - -53) + 13 + -26.
10
What is 23 + (15 + -48 - -25)?
15
30 - 3 - (25 - (5 + 5))
12
(31 - 1) + -64 + 11
-23
(-8 - (14 - 19)) + 12 + -7
2
What is (2 - -29 - 12) + -7?
12
What is -193 - -179 - (1 - 4 - (4 - 7))?
-14
What is 2 + (9 - 15) + -10?
-14
Evaluate 23 + (-25 - -3) + 4.
5
What is the value of -14 + -1 + -1 + 9 + -6?
-13
Calculate 1 + -15 + 11 - -2.
-1
Calculate 10 + -10 - (4 + (-3 - -4)).
-5
Calculate -9 - (7 - ((11 - 3) + -7)).
-15
What is the value of -8 - (-11 + (37 + -19 - 5))?
-10
Evaluate 42 - (-1 - (-36 + -12)).
-5
Calculate 10 + (-12 - (2 - -10)).
-14
What is the value of -1 + 24 + 1 - (-4 + 5 + 7)?
16
What is (-12 - -2) + 52 + -56?
-14
Calculate (8 + (-9 - 29) - -9) + 12.
-9
Evaluate 4 - (-9 + (-2 - (-17 - -10 - 0))).
8
Evaluate (-4 - 2) + 11 + (-31 - -17) - 8.
-17
What is the value of 4 + -3 + (-4 - -1) + 3 + -3?
-2
What is (-5 - 2) + (34 - 31 - -9)?
5
-38 - -62 - (16 - 13)
21
43 + -10 + (-7 - -3) + -8
21
What is the value of 2 - 0 - (-5 - (-3 + -9 + -1))?
-6
What is the value of (-18 - (-11 - 6)) + 7?
6
Calculate -18 + 23 - (-28 + 12).
21
What is the value of 8 + (-18 + (-11 - -17) - -3)?
-1
(3 - 3 - -1) + 16
17
Evaluate 1 + 1 + -14 + (20 - -7).
15
Evaluate -4 - (-1 + (0 + 9 - (9 - 3))).
-6
What is (-4 - 9 - 5) + 13?
-5
Evaluate -3 + (16 - -2) - (212 + -203).
6
(-12 - -6 - -8) + (3 - (-3 - -9))
-1
1 + -2 + 0 - (-2 - 1)
2
What is -47 + (-9 - -43) + (1 - -1)?
-11
Evaluate 24 + -29 - (-2 - -13).
-16
Calculate -18 - (0 - 10 - -16 - 15).
-9
(-4 - (-5 - 6)) + -16
-9
Evaluate (-6 - (7 + -1)) + 7 + -5 + -16.
-26
Evaluate (-4 - 5 - (-4 + 0)) + -166 + 195.
24
What is the value of (-11 - -18) + (5 - (5 + -4))?
11
What is the value of 37 + (-42 - -6) - (-1 - (-1 - 16))?
-15
What is the value of -20 - (27 + -29 - 36)?
18
What is (16 - (108 - 45)) + 8?
-39
-47 - -26 - (5 + -28)
2
Calculate 356 + -357 - ((1 - 0) + 2) - -2.
-2
What is the value of (-245 - -246) + (-2 - (-5 + -1 + 3))?
2
What is the value of 5 + 9 + 6 + -23 + (0 - -5)?
2
What is the value of (32 - -1) + 1718 + -1718?
33
Calculate 5 - (11 + -12) - (1 - (1 - 5)).
1
Calculate 15 + -25 + -3 + -3 + -5.
-21
Calculate -6 + 2 + 1 + 31 + -33 + -3.
-8
Calculate -6 + -2 + 5 + -11 + -10 + 6.
-18
What is the value of -10 - ((-7 - (-2 - 3)) + 6) - 4?
-18
What is 0 - 3 - (2 + -1) - (-92 - -86)?
2
Evaluate -2 + 2 - -6 - 2.
4
9 - (22 - 9) - (4 + (9 - 2))
-15
0 - 3 - (24 + -16 - 10)
-1
What is -6 + (0 - (2 - (27 - 6) - 1))?
14
Evaluate 1 + 5 - (31 + -18 + -20).
13
-23 + (2 - (-2 - (6 + 0)) - 7)
-20
Calculate 33 + 39 - (19 - -15).
38
What is the value of -7 - (-10 - -2 - -15 - -4)?
-18
What is -58 + 38 - -11 - (1 - -4)?
-14
Evaluate (14 - (6 - -8)) + -5.
-5
Evaluate 42 - (-216 + 246 - (1 + 16)).
29
63 + (-33 - -8) + -12
26
What is 1 + -10 + (22 - 14)?
-1
Evaluate -6 - (-40 + (7 - 5)).
32
What is (-4 + 1 - (9 + (-7 - 8))) + 8?
11
What is the value of -5 + (14 - -2) + 2?
13
What is 6 + 1 + -1 - (175 - 183)?
14
18 - (35 + -21 - 31)
35
1 - (1 + 0 - (3 - 8 - -11))
6
Calculate (0 - (5 - 2)) + (-12 - (27 + -47)).
5
What is 2 + -19 - (0 - 10)?
-7
-245 + 234 - (5 + 1)
-17
What is 28 - (19 - -10) - 15?
-16
What is the value of 3 + 7 + -1 - (-38 + 51)?
-4
-33 - (-16 - (-3 - -24))
4
What is the value of -2 + 1 - (-38 + 28 - 6)?
15
What is -17 + 18 + -8 + 13 + (-13 - -5)?
-2
Evaluate (70 - (12 + 7)) + -26.
25
(-15 - (0 + -1)) + 3 + 1 + 7
-3
Evaluate 18 - (-39 + 43 - (4 + 3 + -8)).
13
Calculate (7 - 14) + -1 + 5 + 23 + -8.
12
-19 - (-5 - ((2 - (0 + 1)) + -2))
-15
What is -15 + (3 - (-4 - (5 - (6 - 0))))?
-9
Calculate -6 + (4 - 1) + 2 + 6 - 26.
-21
What is (9 - (-5 - -1)) + 0 + -37?
-24
What is the value of 0 + (-37 - -49 - (4 - -10))?
-2
What is (-12 - 1) + (13 - (-18 - -39))?
-21
-8 + (-9 - -20) + 9
12
What is the value of -7 - (13 - 10 - 8) - 16?
-18
What is (0 - -1) + -12 - (-32 - (49 - 89))?
-19
Evaluate -2 + 4 + (21 - (22 + 2)).
-1
Calculate 8 - ((10 - -4) + -3) - (2 - 14).
9
Calculate (-3 - 4) + -20 + 13 - 15.
-29
Evaluate 24 + -12 - 19 - (14 + 6 + -3).
-24
What is -8 - (9 + -13 + 3)?
-7
2 + 15 + -8 - (-5 - -11)
3
4 + -7 + 1 + 7 - 1
4
25 + -4 - (-45 + 49)
17
Evaluate (1 - 10 - -13) + -20.
-16
What is 2 + 6 - (-4 + 13)?
-1
Evaluate -23 + (39 - (-38 + 55)).
-1
Evaluate -8 + ((-24 - -14) + 17 - (12 